te k(u).
-6
Let o(a) = a**3 + a**2 + 2*a. Let b(i) = -10*i**3 + i**2 + 1. Let m(l) = b(l) - o(l). Calculate m(1).
-12
Let c(t) = -2*t**2 - 5*t + 1. Let a(y) = -3*y + 50. Let j be a(18). Give c(j).
-11
Let c(h) = -h - 1. Let f(t) = -t**2 - 2*t + 3. Let v be f(6). Let k be -2*(2 - v/(-6)). Suppose -w - k = 4*y, 7 + 1 = -2*y. Calculate c(w).
-6
Let j(x) = -6*x**3 - x**2. Let d be j(-1). Suppose -u + 2*f = -2, d*u - 6*f = -f + 5. Let a(m) = u*m - 5 - 2 + 6*m - m**2. Calculate a(5).
-2
Suppose 1 = -4*g + 13. Let i(v) = -4*v + 3*v + 4*v**3 - 3*v**g. Let m be ((-2)/(-5))/((-1)/(-5)). Give i(m).
6
Let h(s) = 1 - 2 + 5*s - s**2 - 3. Let l be ((-16)/6)/(12/(-18)). Give h(l).
0
Let v(g) be the first derivative of -g**5/20 + g**4/3 + 5*g**3/6 + 3*g**2/2 + 6*g + 3. Let w(q) be the first derivative of v(q). Give w(5).
3
Let p(n) = n + 3. Let s = -34 - -32. Let m(o) = o**3 + 7*o**2 + 5*o - 8. Let u be m(-6). Let v = u + s. What is p(v)?
-1
Let r = 19 - 15. Let v(s) be the first derivative of -s**3/3 + 5*s**2/2 - 4*s - 8. Determine v(r).
0
Let i(a) = 3*a - 2. Let z(d) = -d + 2*d - 21 + 21. Let l(y) = -i(y) + 6*z(y). Calculate l(2).
8
Let c(q) = 2*q + 7. Let d be c(-5). Let z(x) = -x**3 - 3*x**2 + 4*x + 8. Let m(g) = -g**3 - 3*g**2 + 3*g + 7. Let r(l) = -4*m(l) + 3*z(l). What is r(d)?
-4
Let c(p) = -p - 3. Let j(a) = 2*a + 5. Let q(y) = 11*c(y) + 6*j(y). Let h = 13 + -8. Let z = h + -5. Calculate q(z).
-3
Suppose 2*a = g - a - 7, g = 2*a + 5. Let m(d) = -9*d - 1. Let n(x) = -18*x - 3. Let h(p) = -5*m(p) + 2*n(p). What is h(g)?
8
Let i(p) = p**3 - 6*p**2 + p - 7. Let f be i(6). Let d(k) = 5*k**3 - 1. Let b be d(f). Let w(r) = -r**2 - 6*r + 5. Give w(b).
5
Let i(u) = 14*u**3 + 0*u + 1 + u - 4*u**2 - 13*u**3. Give i(3).
-5
Let j(b) be the first derivative of -b**4/12 + b**3/6 - b**2/2 - 3*b - 2. Let p(f) be the first derivative of j(f). Give p(2).
-3
Let s(a) = 7 - 16*a - 6*a**2 + 0 + 21*a + a**3. Determine s(5).
7
Let x(m) = 0*m + 5*m**2 - 5*m + 6*m - 8*m**2. What is x(1)?
-2
Let i(b) be the first derivative of -b**5/20 - 7*b**2/2 - b - 1. Let h(d) be the first derivative of i(d). Determine h(0).
-7
Suppose -p = 3*p - 4. Let r(k) = 13*k**3 + 2*k - 1. What is r(p)?
14
Let z(y) = y + 1. Suppose 4*t - 13 = -29. Give z(t).
-3
Let p = 4 - 8. Let t be ((-21)/(-7))/((-6)/p). Let z(c) = 3*c + 1. What is z(t)?
7
Suppose 5*g - 24 = -79. Let x = -7 - g. Let m(r) = -r + 0 + x + 2. Give m(5).
1
Let w(a) be the second derivative of -3/2*a**2 + 0 + 1/6*a**3 - 7*a - 1/12*a**4. Give w(4).
-15
Let i(w) = w**2 + 2*w - 1. Suppose 0 = 4*x + 4*t - 8, -2*t + 6 = 2*x + 2*x. Calculate i(x).
2
Let t(g) = -g**2 + 7*g + 3. Let a be t(7). Let y be (4/6)/(2/a). Let u(j) = 4*j**3 + j - 1. What is u(y)?
4
Let m(d) be the second derivative of -1/3*d**3 - 2*d + 0 + 1/4*d**4 - 1/2*d**2. Let r(a) = a**3 - 6*a**2 + 4*a + 4. Let u be r(5). Calculate m(u).
4
Let y(o) = 5*o**3 - 6*o**2 - 5. Let b(x) = -x**3 + x**2 + 1. Let i(r) = -11*b(r) - 2*y(r). Let m(j) = -j**3 - 5*j**2 + 6*j - 2. Let n be m(-6). Give i(n).
-5
Let s = 22 - 15. Let a be (0 - 3)*(-99)/(-27). Let y = a + s. Let c(h) = h - 1. Determine c(y).
-5
Let w(n) = -n - 1. Let t(q) = 10*q**3 + 2*q**2 + q. Let a be -2 + 4 - (-1 - -2). Let x(p) = a*w(p) + t(p). Let o be -2*3/6 + 0. Give x(o).
-9
Let w(h) = h**2 - 5*h - 4. Suppose -z = -14*z + 78. Give w(z).
2
Suppose 4*s + 3 = -5. Let q = -2 - s. Let a(x) = -x**2 - x - 3. Calculate a(q).
-3
Let y(v) = -4*v - 1. Suppose -2*l - 34 = -4*s, -l = 7*s - 2*s - 39. Let n(p) = p**3 - 5*p**2 - 2*p + 3. Let x be n(5). Let t = x + s. Calculate y(t).
-5
Suppose b = s + 1, 13 = -5*s + 4*s - 2*b. Let u(o) = o**2 + 6*o + 7. Determine u(s).
2
Let b(l) be the first derivative of -l**2 - 5*l - 9. Determine b(-4).
3
Let x be -3*(7/(-3) + 3). Let y(h) = h**2 + 3*h + 2. Determine y(x).
0
Let w = -7 - -11. Suppose 0 = 5*l - 3*l - w. Let p(k) = k**2 - l*k + 0*k**2 + 10*k**3 + 3*k + 0*k**2. Calculate p(-1).
-10
Let i be (-2)/3 - (-51)/9. Let o(w) be the second derivative of w**6/720 - w**4/6 - w. Let l(r) be the third derivative of o(r). Determine l(i).
5
Let u = 65 + -54. Let h(i) = i**3 - 11*i**2 - 5. What is h(u)?
-5
Let y(i) = i**3 - 3*i**2 - 6*i + 1. Let z = 23 - 19. Determine y(z).
-7
Let u(t) = -10*t + 5*t - 2*t**2 + t**2 - 3. Calculate u(-3).
3
Let i(j) be the third derivative of 1/24*j**4 + 0*j + 0 - 1/120*j**5 + 1/6*j**3 + 3*j**2. Let d(w) be the first derivative of i(w). What is d(6)?
-5
Let k = -10 - -14. Let d(a) = -k*a**2 - 2 + 3*a**2 + 6*a - 5*a**2 + a**3. Let s be d(5). Let f(x) = x**2 - 2*x + 4. What is f(s)?
7
Let p(s) = 5*s - 9*s + 0 + 2 - 1. Suppose 2 - 3 = t. Determine p(t).
5
Let f(p) be the second derivative of p**7/840 + p**6/120 - p**5/24 + p**4/24 + p**3/3 - 7*p. Let g(q) be the second derivative of f(q). Determine g(-4).
5
Let g(h) = 35*h**3 + 16*h**2 + 5*h + 16. Let j(c) = 7*c**3 + 3*c**2 + c + 3. Let l(k) = -2*g(k) + 11*j(k). Give l(-1).
-6
Let l be 9/12*12/54. Let h(w) be the second derivative of l*w**3 - w + 0 + 0*w**2. Give h(-1).
-1
Suppose -11*q - 13*q + 21*q = 0. Let o(m) be the third derivative of -1/8*m**4 + 1/15*m**5 + 2/3*m**3 + q*m + 2*m**2 + 0 + 1/120*m**6. Calculate o(-5).
-6
Let t(v) = -v**2 + 4*v + 5. Let x(c) = c**3 - 13*c**2 - 13*c - 10. Let p be x(14). Calculate t(p).
5
Let l(h) = 3*h**2 - 2*h - 1. Let i(t) = t**2 - t. Let j(r) = -5*i(r) + 2*l(r). Calculate j(0).
-2
Let n(v) = 2*v + 2. Let q = 1 + -4. Let r be q/((-1)/(-2 - 0)). Calculate n(r).
-10
Let c be 2/3 - (-6)/18. Let y(u) = 7*u - 3*u - c + 2 + u**2. What is y(-5)?
6
Let m(u) = u**3 - 7*u**2 - u + 4. Let t(s) = 2*s**3 - 15*s**2 - s + 8. Let a(z) = -7*m(z) + 3*t(z). Determine a(5).
-9
Let l(g) be the second derivative of -g**4/2 + g**3/6 - 3*g**2/2 + 5*g. Let a(z) = -5*z**2 + 2*z - 3. Let m(x) = -4*a(x) + 3*l(x). Give m(3).
6
Let u be (68/(-51))/((-2)/(-3)). Let g(t) = 3*t + 2. What is g(u)?
-4
Let p(x) = -12*x**2 + 24*x**2 - 2*x - 11*x**2. What is p(3)?
3
Let u(s) = -2*s**2 + 3*s - 2. Suppose 0 = -t - 0*t - 9. Let m be ((-12)/t)/((-2)/3). Let l = 0 - m. Determine u(l).
-4
Let t(d) = 1. Let o(c) = -c**2 - 7*c. Let u(z) = o(z) - 3*t(z). Let f = 4 + 1. Let x(s) = -s. Let k be x(f). Calculate u(k).
7
Let b be ((-6)/8)/(12/(-48)). Suppose 5*a = -2 - b. Let h(v) = -4*v**3 - 3*v**2 + 2. Let k(c) = c**3 - c**2 + 1. Let n(r) = h(r) - 3*k(r). Give n(a).
6
Let g(j) = -2*j - 4. Let r = -3 - 1. Determine g(r).
4
Let y be 28/21*(-3)/(-2). Let m(j) be the first derivative of -j + 1/2*j**2 + y. Calculate m(5).
4
Let a(n) = 5 + 6*n - 6 - n**2 + 2*n**2. What is a(-6)?
-1
Let c be 10/4*(-16)/(-10). Let j(f) = -3*f. Let w(k) = -2*k. Let g(t) = -5*j(t) + 8*w(t). What is g(c)?
-4
Let u(h) = h**3 - 7*h**2 - h + 11. Let y(b) = 2*b**3 - 14*b**2 - 2*b + 21. Let a(t) = -11*u(t) + 6*y(t). What is a(7)?
-2
Let j(y) = 2 + y - 6*y + 3*y + 0*y. Determine j(3).
-4
Let t(g) = 1 - 2 + 4 - g. Let p(i) be the third derivative of i**6/120 - i**5/12 + i**4/24 - i**3/2 - 2*i**2. Let j be p(5). Determine t(j).
1
Let t(x) = 2*x**3 + x**2 - 3*x - 2. Let f be (2 + -4)*(-1 - 4)/(-5). What is t(f)?
-8
Let j(a) = -24*a. Let r = -67 + 66. Determine j(r).
24
Let b(g) = -12*g - 20. Let r(l) = 3*l + 5. Let h(o) = 2*b(o) + 9*r(o). Calculate h(-6).
-13
Let y(h) = -h**2 + 5*h - 2. Let i be y(3). Let f(n) = -i + 4 - 7*n. Determine f(-1).
7
Suppose -4*w = -3*w - f, 5*w - 2*f = 0. Let k(n) = n**2 + 3*n - 4. Let t be k(-5). Let m(d) = t - 3*d + 0*d + 2*d. What is m(w)?
6
Let g(q) = 5*q**3 + 2*q**2 - 2*q + 1. Let x be g(1). Let h(o) = -5*o - 2*o**3 - 2 - 6*o**2 + 0*o**3 + o**3 + x. Calculate h(-4).
-8
Let t(z) be the third derivative of -z**5/60 - z**4/12 + 2*z**3/3 + z**2. Let f = -3 + 8. Suppose -23 = -4*s + 5*s - 4*l, 5*s - f*l = -40. Calculate t(s).
1
Suppose 2*w = -2*b + 32, -5*w - b + 11 = -77. Suppose 5*l + 3*y = w, -2*y = -y - 1. Let z = -8 + l. Let t(x) = -x - 12. Determine t(z).
-7
Let o = -8 + 12. Let j(x) = 2*x. What is j(o)?
8
Suppose 1 = -s - 0*s. Let z be (-6)/(s*3) + 0. Let c(w) = -11*w - 6. Let g(r) = -10*r - 5. Let k(u) = 6*c(u) - 7*g(u). What is k(z)?
7
Let o(s) be the third derivative of s**6/120 - 7*s**5/60 + s**4/4 - 24*s**2. Determine o(6).
0
Let q be 3/(-2) + (-18)/(-4) + -1. Let i(p) be the first derivative of -q*p**2 - 3 + 1/3*p**3 - 3*p. Deter